Let p be q(-9). Suppose 2*v - s = p, -160 = -4*v - 8*s + 3*s. Is v a multiple of 9?
False
Suppose -91*d - 24416 = -92*d - 4*q, 10*d - 244196 = -4*q. Does 222 divide d?
True
Suppose 2*h = 5*r - 20, 2*r + h - 4*h - 19 = 0. Does 5 divide ((-250)/6)/(r/(-6))?
True
Is ((-4969)/2)/(84/336)*-2 a multiple of 12?
False
Suppose 1353*m - 1342*m = 42009. Does 19 divide m?
True
Let m(j) = 34*j**2 + 5*j - 20. Let u be (2 - (-6)/18)*-3. Is 47 a factor of m(u)?
False
Let j = -933 - -6094. Is j a multiple of 13?
True
Suppose 0 = 4*t + 3*x - 119 + 2094, -3*x + 1969 = -4*t. Let d = -308 - t. Is d a multiple of 40?
False
Let u(m) = m**3 - 6*m**2 + m - 3. Let i be u(6). Suppose -i*v + 108 = -36. Does 8 divide v?
True
Suppose 3*q = 5*q + 4*c - 18, -2*c = 3*q - 7. Let r be (0/8)/(q + -1). Suppose r = 3*f - 4*f + 31. Is 31 a factor of f?
True
Let b(h) = h**2 - 19*h - 8. Let t be b(17). Is (t/(-15)*2)/(16/600) a multiple of 35?
True
Let v = -79 + 93. Suppose l + v = 2*j - 0*l, -j = 5*l + 15. Suppose x + j - 4 = 0, 4*x - 314 = -2*s. Is s a multiple of 15?
False
Let d(b) be the third derivative of -17*b**5/60 - 5*b**4/12 + 5*b**3/2 - 16*b**2. Let k(t) be the first derivative of d(t). Is k(-6) a multiple of 18?
False
Let c be (3 + -4 - 0) + 2. Suppose -a + 12 = -5*q, 5*a - 4 = 2*q - 13. Does 4 divide 24/(-36)*4*a*c?
True
Suppose 0 = -4*y + 12*i - 7*i + 69, -2*y + 2 = 4*i. Suppose -2499 = -y*c + 2759. Is c a multiple of 19?
False
Let y be ((-5)/15 + 14/(-3))*-1. Let f be (-1)/(2/(-8)) + -2. Suppose 0 = 5*q + y*i - 25, -3 - f = i. Is 5 a factor of q?
True
Suppose 10 = 3*v - 2. Suppose -9 = -v*a + a. Suppose 5*n + 88 = a*w - 0*n, n = -5. Does 2 divide w?
False
Suppose -152 - 124 = -a. Suppose 9*n - 1047 = a. Suppose -2*u - 40 = -3*k - 103, 5*u - n = -3*k. Is 5 a factor of u?
True
Suppose -4*r = 5*f - 49695, 7*f + 5*r - 69573 = r. Is 35 a factor of f?
False
Let y(o) = o**3 - 23*o**2 + 4*o - 44. Let g be y(23). Suppose 37*p - g*p = -13046. Is p a multiple of 23?
False
Let v(n) = 39*n**2 - 45*n - 240. Is v(-10) a multiple of 15?
True
Let f = -3 - -8. Suppose -155 = -f*i + 605. Let d = -113 + i. Is 3 a factor of d?
True
Suppose 14*o - 460 = 8178. Is o a multiple of 172?
False
Let c be (-13040)/(-25) + (-4)/(-10). Let r = -97 + c. Does 17 divide r?
True
Let h(b) = 3*b**2 + 19*b + 15. Let a be h(-7). Let t = 29 - a. Suppose -3*q + 5*q - 72 = t. Does 4 divide q?
True
Suppose -127450 = -5*l + 5*i, 62 = -4*i + 74. Does 39 divide l?
False
Suppose -3*h + 0*k + k = 10, 17 = -4*h + 5*k. Does 21 divide (20/(-5) - 415)*h/3?
False
Suppose 4*u + 9*o - 27 = 4*o, u - 18 = -5*o. Let h be u/(-2)*8/20*5. Does 19 divide ((-159)/h)/(0 - -1)?
False
Let o = -1813 - -2865. Is 6 a factor of o/(-24)*-3 - (-4)/8?
True
Suppose -12*x - 276 = -9*x. Let u = x - -188. Is u a multiple of 12?
True
Let l(i) = -13*i**3 + 3*i**2 + 5*i + 9. Let d be l(-2). Suppose -d = -c + 193. Does 18 divide c?
False
Suppose 15*b + 26 = 3*u + 11*b, u = 3*b + 7. Does 7 divide 956/u - (1 - 14/10)?
False
Let a = -2667 + 4492. Let x = a + -967. Does 78 divide x?
True
Suppose -5*z = -0*z - 545. Let u(h) = -h**2 - 40*h - 334. Let m be u(-28). Suppose k = 4*l + 43 + z, -m*k - l + 268 = 0. Is 34 a factor of k?
True
Let y = -12 + 16. Let k(n) = n - 4*n + n**2 - 7*n**2 + 4 + 2*n**3. Is 3 a factor of k(y)?
True
Let i be 0/(-4)*((-9)/(-2) - 4). Suppose -11*v + 15497 + 1223 = i. Is 40 a factor of v?
True
Does 23 divide 744/10*(9 + -7)*5?
False
Let w = -105337 - -172027. Does 78 divide w?
True
Suppose 1 = t, 3*j = 5*t + 5500 + 11925. Is 83 a factor of j?
True
Suppose -z + 1 = 0, -246*y - 7*z + 62172 = -241*y. Is y a multiple of 11?
False
Let b = -66 - -71. Suppose 9*m = -c + 4*m + 5, 4*c - b*m - 20 = 0. Suppose 2*x + c*r = 55, -3*x - 5*r = -2*x - 40. Is x a multiple of 4?
False
Let j(s) = s**2 + 3*s - 6. Let a be j(-3). Let l = 115 + -31. Let u = l - a. Is u a multiple of 16?
False
Let q be 159*1 - 0/(-47). Suppose -5*n - 2*x = -310 + 59, -3*n + 3*x + q = 0. Is n even?
False
Suppose 0 = -2*v - 20 - 8. Let j(r) = r**3 + 13*r**2 - 16*r - 24. Let c be j(v). Suppose -5*d = c*s - 192, -s - 240 = -6*s + 4*d. Is s a multiple of 24?
True
Is (-32)/(224/175) + 72194 a multiple of 15?
False
Let c(l) = -1 + l**3 + 95*l**3 + 2 + 140*l**3 - 2*l**2. Let o be c(1). Suppose -5*t - 5*w = -o, -7*t + 6*t + 4*w + 67 = 0. Is 30 a factor of t?
False
Suppose -24 = -5*u + k, -17*u + 21*u = 2*k + 18. Let z(o) = 41*o - 65. Does 14 divide z(u)?
True
Suppose -4*m - 1 = 3*v - 0*m, 0 = -3*v + 4*m + 7. Let o(i) be the first derivative of 116*i**2 - 3*i - 3. Is o(v) a multiple of 27?
False
Suppose -18*u + 64 = 10. Is (5*12)/(u/18) a multiple of 45?
True
Let q(m) = -m**3 + 13*m**2 + 4. Let v be q(13). Suppose -2*w = -3*r + 140, -196 = -5*r - v*w + 52. Suppose -320 = -r*t + 44*t. Does 24 divide t?
False
Let n = 5756 + -5627. Does 4 divide n?
False
Suppose 488 = 726*v - 724*v. Let y = v + -126. Does 59 divide y?
True
Let x(n) = n - 57. Let f(j) = j**2 - 5*j - 17. Let y be f(7). Let q(t) = t - 58. Let v(s) = y*x(s) + 2*q(s). Is v(30) a multiple of 25?
True
Let l(a) = a**3 + 45*a**2 + 207*a - 118. Does 12 divide l(-38)?
True
Suppose -38*i + 57*i - 35720 = 0. Does 19 divide i?
False
Let d(a) = a**2 - 6*a - 33. Let i be d(10). Let k(v) = -v**2 + 6*v + 10. Let f be k(i). Suppose -f*x + 2*x = -5. Does 2 divide x?
False
Let t(d) = 4*d**2 - 73*d - 458. Is t(-34) a multiple of 6?
True
Let t = 354 + -361. Let a(l) be the second derivative of -l**4/12 - 13*l**3/6 - 6*l**2 - l. Is a(t) a multiple of 25?
False
Let q = -5 + 14. Suppose -3*d - 9 + q = 0. Does 8 divide -2 + -4 + 51 + d?
False
Let l(d) = 5*d**2 - 3*d - 5. Let j be l(2). Suppose -2513 = -j*r + 1429. Is 20 a factor of r?
False
Suppose -5*s + 0 = 5, -4*t - 70 = 2*s. Let c = t - -15. Is 46 a factor of (c + (-40)/(-15))*198?
False
Suppose -m - 5 = 0, 4*w + 4*m + 20 = 5*w. Let j(z) = 2*z**2 - 2*z + 79. Let q(g) = g**2 - 2*g + 79. Let h(r) = -2*j(r) + 3*q(r). Does 15 divide h(w)?
False
Let u = 566 + -1644. Let p = -488 - u. Is 54 a factor of p?
False
Suppose -5*s - r - 3073 = -10680, -3*s - 4*r = -4571. Suppose 0 = x + 534 - s. Is 31 a factor of x?
False
Suppose -20*f = -24*f + 12. Suppose 0 = -f*v + 3*d + 492, 4*d + 0*d - 298 = -2*v. Does 9 divide v?
False
Suppose -17 = -3*p + 4*v, -4*p = -3*v - 11 - 7. Suppose 4*a - 608 = -4*m, -78 = p*m - 5*a - 558. Does 24 divide m?
False
Let f = -52053 + 72915. Is 118 a factor of f?
False
Suppose 4 - 516 = 8*u. Let r = u + 68. Suppose -7*h = -m - 3*h - 2, -4 = -r*h. Is m even?
True
Let x = 15292 + -6712. Is 11 a factor of x?
True
Let u = 258 + -256. Suppose -4*z = -u*f + 558, 0 = 7*z - 10*z. Is f a multiple of 31?
True
Let r = -14 + -17. Let c = r - 17. Let z = 53 + c. Is z a multiple of 2?
False
Does 169 divide (0 + 2 - -23206)*27/(729/18)?
False
Let v(p) = p**3 + 1. Let c(w) = -4*w**3 + w**2 + 2*w + 2. Let u(a) = c(a) - 2*v(a). Let m = -245 - -244. Does 5 divide u(m)?
True
Suppose 30 = 5*s, 25*s + 12434 = 2*a + 28*s. Is 16 a factor of a?
True
Suppose 16479*f - 4620 = 16476*f. Does 10 divide f?
True
Let l(p) = -157*p - 2. Suppose -6 = 104*d - 101*d. Is l(d) a multiple of 26?
True
Suppose 44342 = 3*v - 8*r, 3*v - 28*r + 24*r = 44362. Is 11 a factor of v?
False
Suppose 4*i - 5*z - 940 = 0, -4*i + 376 = -3*z - 572. Suppose 3*k - i = 3*n, -3*n = 4*k + 189 + 79. Does 14 divide n/(-10)*(-60)/(-18)?
True
Let l = 14919 - 14255. Is 4 a factor of l?
True
Suppose -2*n - n = 9. Let h(w) = -w**3 - 6*w**2 + 5*w - 4. Let m(z) = -z**3 - 5*z**2 + 4*z - 3. Let c(x) = n*h(x) + 4*m(x). Is 19 a factor of c(-5)?
False
Let q(l) = -l**3 - 6*l**2 - 2*l + 16. Let w be q(-6). Is 6 a factor of 42/w*(-636)/(-9)?
False
Let h = -1208 + 3292. Let a = 2920 - h. Is a a multiple of 17?
False
Suppose -5*v = -61 + 11. Suppose -v*b + 14 = -266. Does 17 divide (-145)/(-2)*(3 - b/20)?
False
Let o = 718 + -634. Suppose 39*j = 40*j - o. Is 6 a factor of j?
True
Suppose -4*x - 12 = 0, -177*y + 172*y - 5*x + 62715 = 0. Does 97 divide y?
False
Suppose 1126 = 6*l - 241 - 8965. Does 74 divide l?
False
Let k = 37073 + -10841. Does 6 divide k?
True
Suppose 1474*o = 1478*o - 7948. Is 24 a factor of o?
False
Let q be (0 + 4 + 7)*4/22. Suppose -7*d = -q*d + 10, 426 = t + 5*d. Is t a multiple of 27?
False
Suppose 1671*w = 1860*w - 6071436. Is